y 258?
10
Calculate the remainder when 822 is divided by 786.
36
Calculate the remainder when 3071 is divided by 24.
23
What is the remainder when 67 is divided by 35?
32
What is the remainder when 1088 is divided by 30?
8
What is the remainder when 334 is divided by 48?
46
What is the remainder when 1453 is divided by 1453?
0
Calculate the remainder when 1237 is divided by 11.
5
Calculate the remainder when 143 is divided by 7.
3
What is the remainder when 153 is divided by 34?
17
Calculate the remainder when 25231 is divided by 74.
71
What is the remainder when 91 is divided by 20?
11
Calculate the remainder when 1391 is divided by 26.
13
What is the remainder when 73 is divided by 6?
1
Calculate the remainder when 66 is divided by 42.
24
Calculate the remainder when 607 is divided by 100.
7
Calculate the remainder when 634 is divided by 29.
25
What is the remainder when 400 is divided by 100?
0
Calculate the remainder when 2799 is divided by 32.
15
Calculate the remainder when 100 is divided by 15.
10
What is the remainder when 676 is divided by 98?
88
What is the remainder when 1752 is divided by 27?
24
What is the remainder when 6791 is divided by 86?
83
Calculate the remainder when 3292 is divided by 89.
88
Calculate the remainder when 641 is divided by 205.
26
What is the remainder when 439 is divided by 44?
43
What is the remainder when 5640 is divided by 31?
29
Calculate the remainder when 120 is divided by 14.
8
Calculate the remainder when 3589 is divided by 57.
55
Calculate the remainder when 2208 is divided by 39.
24
Calculate the remainder when 250 is divided by 137.
113
Calculate the remainder when 175 is divided by 28.
7
Calculate the remainder when 135 is divided by 26.
5
What is the remainder when 15 is divided by 7?
1
Calculate the remainder when 1159 is divided by 98.
81
Calculate the remainder when 327 is divided by 113.
101
Calculate the remainder when 403 is divided by 137.
129
What is the remainder when 82 is divided by 14?
12
Calculate the remainder when 700 is divided by 26.
24
What is the remainder when 46 is divided by 12?
10
Calculate the remainder when 3020 is divided by 16.
12
What is the remainder when 447 is divided by 34?
5
Calculate the remainder when 14534 is divided by 23.
21
Calculate the remainder when 4379 is divided by 26.
11
Calculate the remainder when 27736 is divided by 46.
44
What is the remainder when 329 is divided by 33?
32
Calculate the remainder when 218 is divided by 38.
28
What is the remainder when 728 is divided by 27?
26
What is the remainder when 922 is divided by 5?
2
Calculate the remainder when 214 is divided by 24.
22
What is the remainder when 2239 is divided by 27?
25
Calculate the remainder when 491 is divided by 159.
14
What is the remainder when 2841 is divided by 98?
97
Calculate the remainder when 2655 is divided by 35.
30
Calculate the remainder when 1901 is divided by 68.
65
Calculate the remainder when 1438 is divided by 73.
51
Calculate the remainder when 351 is divided by 28.
15
What is the remainder when 530 is divided by 216?
98
Calculate the remainder when 335 is divided by 105.
20
Calculate the remainder when 799 is divided by 30.
19
What is the remainder when 1455 is divided by 18?
15
Calculate the remainder when 1000 is divided by 134.
62
Calculate the remainder when 961 is divided by 235.
21
What is the remainder when 107 is divided by 34?
5
What is the remainder when 355 is divided by 21?
19
Calculate the remainder when 281 is divided by 11.
6
Calculate the remainder when 128 is divided by 44.
40
What is the remainder when 8 is divided by 1?
0
What is the remainder when 337 is divided by 35?
22
What is the remainder when 1351 is divided by 104?
103
What is the remainder when 112 is divided by 26?
8
Calculate the remainder when 43 is divided by 24.
19
Calculate the remainder when 67 is divided by 17.
16
Calculate the remainder when 2286 is divided by 383.
371
Calculate the remainder when 4799 is divided by 18.
11
What is the remainder when 21999 is divided by 40?
39
What is the remainder when 254 is divided by 78?
20
Calculate the remainder when 751 is divided by 46.
15
What is the remainder when 34 is divided by 4?
2
What is the remainder when 276 is divided by 79?
39
Calculate the remainder when 489 is divided by 19.
14
What is the remainder when 987 is divided by 26?
25
What is the remainder when 1062 is divided by 87?
18
What is the remainder when 1447 is divided by 103?
5
Calculate the remainder when 2548 is divided by 845.
13
What is the remainder when 95 is divided by 27?
14
What is the remainder when 2955 is divided by 55?
40
Calculate the remainder when 468 is divided by 30.
18
What is the remainder when 301 is divided by 92?
25
What is the remainder when 298 is divided by 30?
28
Calculate the remainder when 328 is divided by 33.
31
Calculate the remainder when 200 is divided by 7.
4
What is the remainder when 110958 is divided by 107?
106
Calculate the remainder when 205 is divided by 26.
23
Calculate the remainder when 221 is divided by 14.
11
What is the remainder when 793 is divided by 256?
25
Calculate the remainder when 589 is divided by 118.
117
What is the remainder when 645 is divided by 14?
1
What is the remainder when 17 is divided by 6?
5
Calculate the remainder when 7440 is divided by 3706.
28
What is the remainder when 115 is divided by 68?
47
What is the remainder when 3717 is divided by 1237?
6
What is the remainder when 333 is divided by 8?
5
Calculate the remainder when 1079 is divided by 359.
2
What is the remainder when 144 is divided by 53?
38
Calculate the remainder when 131 is divided by 44.
43
Calculate the remainder when 891 is divided by 294.
9
What is the remainder when 219 is divided by 44?
43
What is the remainder when 24 is divided by 6?
0
Calculate the remainder when 60 is divided by 9.
6
Calculate the remainder when 84 is divided by 39.
6
Calculate the remainder when 166 is divided by 22.
12
Calculate the remainder when 237 is divided by 17.
16
Calculate the remainder when 1823 is divided by 24.
23
Calculate the remainder when 573 is divided by 25.
23
What is the remainder when 1648 is divided by 205?
8
Calculate the remainder when 202 is divided by 150.
52
Calculate the remainder when 245 is divided by 87.
71
What is the remainder when 101 is divided by 40?
21
What is the remainder when 132 is divided by 46?
40
Calculate the remainder when 124 is divided by 8.
4
What is the remainder when 1207 is divided by 22?
19
Calculate the remainder when 266 is divided by 67.
65
What is the remainder when 5919 is divided by 14?
11
Calculate the remainder when 420 is divided by 208.
4
Calculate the remainder when 233 is divided by 23.
3
What is the remainder when 3786 is divided by 3769?
17
Calculate the remainder when 121 is divided by 19.
7
Calculate the remainder when 2329 is divided by 37.
35
What is the remainder when 1328 is divided by 167?
159
Calculate the remainder when 1785 is divided by 138.
129
Calculate the remainder when 4657 is divided by 212.
205
What is the remainder when 39 is divided by 5?
4
What is the remainder when 1243 is divided by 244?
23
Calculate the remainder when 12 is divided by 7.
5
Calculate the remainder when 2260 is divided by 30.
10
Calculate the remainder when 1709 is divided by 10.
9
Calculate the remainder when 105 is divided by 56.
49
What is the remainder when 616 is divided by 31?
27
Calculate the remainder when 894 is divided by 69.
66
What is the remainder when 5433 is divided by 4?
1
What is the remainder when 107 is divided by 18?
17
Calculate the remainder when 59 is divided by 30.
29
Calculate the remainder when 5145 is divided by 52.
49
What is the remainder when 325 is divided by 42?
31
What is the remainder when 754 is divided by 42?
40
What is the remainder when 567 is divided by 227?
113
Calculate the remainder when 2258 is divided by 1112.
34
Calculate the remainder when 3677 is divided by 16.
13
What is the remainder when 645 is divided by 323?
322
What is the remainder when 1585 is divided by 192?
49
What is the remainder when 637 is divided by 256?
125
What is the remainder when 354 is divided by 81?
30
What is the remainder when 2130 is divided by 79?
76
Calculate the remaind